the prime factors of u?
5
Let v = -15 - -9. Let u = v - -10. Suppose o + u*p = -13, -5*p = -3*o - 3*p + 17. What are the prime factors of o?
3
What are the prime factors of ((-1)/(-2))/(3/750)?
5
Suppose -3018 = -13*l + 1545. What are the prime factors of l?
3, 13
Let h = 8 - 7. Let j(s) = 5*s**3 + 1. What are the prime factors of j(h)?
2, 3
Suppose -5*k + 9 = -m + 52, 0 = 2*k + 10. What are the prime factors of m?
2, 3
Suppose -10*x + 2033 = 33. List the prime factors of x.
2, 5
What are the prime factors of (-18)/54 - 535/(-3)?
2, 89
Let b = -397 - -611. What are the prime factors of b?
2, 107
Let p = 76 + 21. List the prime factors of p.
97
Let f(z) = -z**3 - 3*z**2 + 2*z + 1. Let b be f(-3). Let y = -1 - b. Suppose -5*n - 10 = -5*i, 13 = y*i - 5*n + 5. What are the prime factors of i?
2
Let j = 1 + -4. Let q(t) = t. Let w(m) = -3*m - 1. Let z(y) = -5*q(y) - w(y). List the prime factors of z(j).
7
Let a = 16 - -21. Suppose -2*s = -s - a. List the prime factors of s.
37
List the prime factors of -3 - (-5)/((-5)/(-33)).
2, 3, 5
Let j(s) = s**3 - 5*s**2 - 5. Let l be j(5). Let d(n) = -n**3 - 7*n**2 - 3*n - 3. Let v be d(l). List the prime factors of v/(-4) - 1/(-2).
2, 5
Suppose -3*v - 2*h + 7 = 0, 8 + 2 = 2*h. Let d be 9/2 - v/(-2). Suppose -3*g + d*g = 3. What are the prime factors of g?
3
Let q be (8/(-6))/(6/27). Let w(l) = -2*l - 8. Let c be w(q). Suppose d + 22 = c*h - d, 4*d = -4*h + 40. What are the prime factors of h?
7
Suppose -v + 5*s = -7, -5*s + 8 = v - 9. Let x = 33 - v. List the prime factors of x.
3, 7
Let w = -3 + 3. Suppose -3*h - 12 = 2*c, 0 = -3*c - 5*h + 4*h - 18. Let j = w - c. List the prime factors of j.
2, 3
Let w(t) be the first derivative of -3*t**4 - t**3/3 + t**2/2 + t + 3. What are the prime factors of w(-1)?
11
Suppose b = 4*x + 40, 2*b + 2*x - 37 = 33. What are the prime factors of b?
2, 3
Let o(k) = -k**2 - 6*k + 9. Let i be o(-7). Suppose 4*f = 5*y - 39, f + i*y + 8 = 5*y. Let n(x) = -x**3 - 11*x**2 + 5. List the prime factors of n(f).
5
Let u = -163 + 322. Suppose -u = -4*q - 31. What are the prime factors of q?
2
Let z = -4 + 7. Suppose 5*m + 55 = 2*s + z*s, 0 = 3*s - 4*m - 34. What are the prime factors of s?
2, 5
Let h be (-16)/6*12/(-8). Suppose h*l - 26 = 38. What are the prime factors of l?
2
Suppose 7*s = 2*s + 220. What are the prime factors of s?
2, 11
Suppose -5*s - 4*p - 27 = 0, -3*s - p - 3 = 9. Let l = s - -4. List the prime factors of l/(-3) - (-56)/6.
3
Suppose -5*d + 395 = -5*g, 161 + 164 = 4*d + 5*g. What are the prime factors of d?
2, 5
Let g = 71 + -26. List the prime factors of g.
3, 5
Suppose -3*y = -0*y - 3. Let v = 10 - y. List the prime factors of v.
3
Let v(r) = -8 + r**3 - 2*r + 5*r**2 + 15 + 2*r. List the prime factors of v(-5).
7
Let v(o) be the first derivative of 1 + 2 - 2 - 2*o**2. What are the prime factors of v(-3)?
2, 3
Let j(t) = -11*t + 1. Let f be j(-1). Suppose 2*y - f = y. List the prime factors of y.
2, 3
Suppose -5*v = 3 - 158. Let z = v - 19. List the prime factors of z.
2, 3
Let b = 9 + -9. Suppose b = 5*x - 0*x - 170. List the prime factors of x.
2, 17
Let a = -19 - -34. Suppose -a = 2*p - p. Let l = -9 - p. List the prime factors of l.
2, 3
Let j = 9 + 5. Let h = -10 + j. List the prime factors of 1/(10/h + -2).
2
Suppose 165 = 5*j + g - 2*g, -g + 27 = j. What are the prime factors of j?
2
Let p(v) = 3*v**2 + 7*v - 8. What are the prime factors of p(-7)?
2, 3, 5
Suppose 4*c + 3*k + 5 = -30, 5*k + 13 = -c. Let g = c + 12. What are the prime factors of g?
2
Let j = -44 - -66. Suppose -5*l + 5*c + 30 = 0, -5*c - 4 = 5*l - 14. Suppose l*d = 5*q - j, -3*q + 3*d + 15 = 3. List the prime factors of q.
2, 3
Let r(c) = -2*c**3 + 4*c + 3. Suppose t + 4*h = -h + 3, 3 = -2*t - h. List the prime factors of r(t).
11
Let x(h) = 2*h - 33. Let t be x(17). Let p(g) be the first derivative of 5*g**4/4 + 2*g**3/3 - g + 1. List the prime factors of p(t).
2, 3
Suppose -3*h = 2*h - 125. Let q = -5 + h. What are the prime factors of q?
2, 5
Let b(t) = -2*t - 2. What are the prime factors of b(-4)?
2, 3
Let d(v) = -v + 10. Let n be d(8). Suppose 3*t - 160 = -n*t. List the prime factors of t.
2
Let r = 77 + -33. List the prime factors of r.
2, 11
Suppose -473 + 112 = -4*s - n, -2*n = -2*s + 168. What are the prime factors of s?
89
Suppose 3*k - 142 = 4*m, -42 = m - 0*k - 4*k. Let l = 58 + m. What are the prime factors of l?
2, 3
List the prime factors of (-177)/(-5) + 9/15.
2, 3
Suppose -4*k + 108 = -0*k. Let p = 51 - k. List the prime factors of p.
2, 3
Let s be 111/6 - 2/4. What are the prime factors of (42/s)/((-1)/(-6))?
2, 7
Let l be -15*((-34)/6 - -1). Suppose 0*z - l = -5*z. What are the prime factors of z + -3 - (-1 + 2)?
2, 5
Let n = 238 - 121. Suppose 0 = 4*u - f - n, -3*f + 69 = 2*u - 0*f. What are the prime factors of u?
2, 3, 5
Let b = -188 - -495. What are the prime factors of b?
307
Let r(m) = -m**3 + 6*m**2 + m + 4. What are the prime factors of r(6)?
2, 5
Suppose 3*m - k + 125 = 8*m, -2*m - 5*k = -73. Suppose 2*c + c = -2*g + 57, g = c - m. What are the prime factors of c?
3, 7
Suppose -3*m - 5*o + 16 = -5*m, 0 = -m - 4*o + 18. Suppose m*t + 5*x + 38 - 4 = 0, 3*t - 4*x + 5 = 0. List the prime factors of (-26)/t - (-6)/21.
2
Let k(t) = -t**2 + 17*t + 11. List the prime factors of k(14).
53
Let p be 2/(-12) - (-217)/42. Suppose -12 = -p*y - 2. List the prime factors of y.
2
Suppose 2*k - 5*g = 7*k - 35, -3*g = -5*k + 11. Let y(j) = j + 2. Let p be y(k). Suppose 2*n - 3*m = 13, -p*n + 4*m = -n - 29. What are the prime factors of n?
5
Suppose -5*h + 24 = -106. List the prime factors of h.
2, 13
List the prime factors of (-4)/6*(-63)/6.
7
Let y be (4/6)/((-1)/(-6)). Suppose r = 4*j + 2, -j + r - 2*r + 2 = 0. Suppose j*v = -3*b - 2*v + 24, -y*v - 12 = -4*b. List the prime factors of b.
2, 3
Suppose -2*m - 12 = -6*m. Suppose -2*k - 5*s = -14, 3*k + m*s = 7*k - 2. List the prime factors of 6*2 + k - 2.
2, 3
Suppose 4*n + 5*s = -0*s + 4, -s - 1 = -n. Suppose -2*q = -17 - n. List the prime factors of q.
3
Let z(m) = m**2 - 5*m + 2. Let r(k) = -k**3 + 5*k**2 - 5*k + 6. Let q be r(3). What are the prime factors of z(q)?
2, 19
Let v = -512 - -721. Let h be v/(-9) - (-14)/63. Let x = 35 + h. What are the prime factors of x?
2, 3
Let s be 5/15 - (-4)/6. Let j(h) = 145*h**2 + 1. Let z be j(s). List the prime factors of z/12 - 2/12.
2, 3
Let c(j) = -j**2 + 0*j**2 + 3*j - 4 - 2*j. Let h be c(0). What are the prime factors of h/(1/1*-1)?
2
Let j(y) = y**2 + 3*y + 10. What are the prime factors of j(-2)?
2
Let o be 6/27 - (-68)/18. Suppose -5*c + n + 54 = 0, 0*c = -c - o*n + 15. List the prime factors of c.
11
Let n(i) = i**2 - 3*i - 13. What are the prime factors of n(10)?
3, 19
Let s be 75/6 + 1/2. Suppose r - 5*t = -s, 3*t - 63 = -2*r - 2*r. Suppose 2*c + 3*c - 1 = -3*n, 4*n + 4*c = r. What are the prime factors of n?
7
Let q(l) = -2*l - 6. Let g be q(-4). Let t(w) = 9*w - 3. List the prime factors of t(g).
3, 5
Let d be (-12)/(-3) + -39 - -4. Let x = 28 - d. What are the prime factors of x?
59
Suppose 4*o = 23 + 9. Let d = 21 - o. List the prime factors of d.
13
Let p be 10/(-15) - 536/6. List the prime factors of (-4)/6*p/12.
5
Suppose k + 4*p - 211 = 0, 0 = -10*k + 6*k - p + 784. What are the prime factors of k?
3, 5, 13
What are the prime factors of ((-82)/(-4))/(1/2)?
41
Let b = -401 - -686. What are the prime factors of b?
3, 5, 19
Suppose 3*p - 220 = -64. What are the prime factors of p?
2, 13
Let l(n) = -2*n + 20. What are the prime factors of l(0)?
2, 5
Suppose a + 3*a = 0. Suppose 6*f - 17 - 13 = a. What are the prime factors of f?
5
Suppose 420 = 3*q + 3*l, 0 = -2*q + 4*q - l - 274. What are the prime factors of q?
2, 3, 23
Let r(g) be the third derivative of g**6/120 - g**5/5 + 5*g**4/12 + 5*g**3/2 - 4*g**2. Let s be r(11). Suppose 0 = s*c + 7 - 35. List the prime factors of c.
7
Suppose 0 = 3*k + 3*k - 1284. List the prime factors of k.
2, 107
Suppose -k - 4 = -5. Suppose -v + 7 = k. What are the prime factors of v?
2, 3
Let o be (4/3)/((-10)/(-75)). Suppose 3*g - 19 = -k, -5*k + 4*g + 10 = -28. Suppose -o - k = -4*c. What are the prime factors of c?
5
Let w(u) = -u**2 - 7*u - 3. Let a be w(-5). Suppose 2*x + 3 = l, l = 3*x + a - 4. List the prime factors of l.
3
Let x be 